9
Let f(r) = 2 - 1 + 7*r**2 + r**3 + r**3 - r**3 + 7*r. Let z be f(-5). What is the highest common divisor of 8 and z?
8
Suppose -4*m - 6 = -t, 2*t - 2 = -0*t - 2*m. Suppose -t*n = -0*n - 24. What is the greatest common factor of n and 18?
6
Suppose 2*p + 2*p = -32. Let s = p + 26. Calculate the greatest common factor of s and 45.
9
Let b(a) = a**3 - 4*a**2 + 3*a - 4. Let d be b(4). Let u be ((-6)/8)/((-2)/d). Suppose 5 = u*y - 43. Calculate the greatest common divisor of 8 and y.
8
Let p(w) = 3*w - 1. Let c be 2*1 - (-18)/6. Let z be p(c). What is the greatest common divisor of 42 and z?
14
Let y(p) = -9*p**3 - 1. Let x be y(-1). Suppose 3*z - 3*q = 48, z - 44 = -z - q. What is the greatest common factor of x and z?
4
Let q(s) = -s + 12. Let i be q(11). Let x = 4 - i. Suppose -2*z - 18 = -2*y + y, -4*z + 54 = x*y. Calculate the highest common divisor of y and 2.
2
Let r(u) = u**3 - 7*u**2 + 10*u - 8. Let i be r(6). What is the greatest common divisor of 112 and i?
16
Suppose n = 2*g - 10, 6 = g + n - 2. What is the highest common factor of 18 and g?
6
Suppose 0 = w - 1 - 3. Let d(h) = -2*h - 6. Let j be d(-5). Let z be (j/5)/((-1)/(-40)). Calculate the highest common factor of w and z.
4
Suppose -5*g + 10*g - 240 = 0. Suppose -j - g = -5*j. Let s = 24 - j. What is the greatest common factor of s and 18?
6
Suppose -5*n + 11 = 161. Let f be (2 - n)*2/4. What is the greatest common factor of f and 4?
4
Let m(t) = t**3 + 7*t**2 + 2*t + 15. Let y be m(-7). What is the highest common divisor of 7 and y?
1
Suppose 9 = i + 3*x - 5, 3*i - 2*x = -2. Let k(h) = -3 - 4*h**2 + h + 4*h**3 + 2*h + i*h**2. Let s be k(3). What is the highest common divisor of s and 12?
12
Suppose -5*r = -0*r - 170. What is the highest common divisor of r and 51?
17
Let o be 16 - (-3 - (2 - 1)). Let m = -13 + o. What is the highest common divisor of m and 77?
7
Let b be ((-4)/(-6))/(174/(-45) - -4). What is the highest common factor of b and 1?
1
Let v = 77 - 54. What is the greatest common factor of v and 69?
23
Let h = 206 - 59. What is the greatest common factor of h and 21?
21
Suppose -5*q - d = -47, 9 = -4*q - 3*d + 40. Calculate the greatest common factor of 70 and q.
10
Suppose -2*u = -0 - 2. Let f(a) = -a**3 + 4*a**2 + 4*a + 9. Let k be f(5). Let j = u + k. Calculate the greatest common divisor of 25 and j.
5
Let v = 51 + -44. Calculate the highest common divisor of 35 and v.
7
Suppose 0 = -5*x + 3*x + 2*c + 22, -5*c = 5. Suppose -2*f + 43 - 3 = 2*v, f = -4*v + 5. Calculate the highest common divisor of x and f.
5
Let q = 4 - 1. Let z(i) = -19*i - 1. Let t(j) = j. Let d(m) = 4*t(m) - z(m). Let b be d(1). Calculate the highest common divisor of q and b.
3
Let l(n) = n**3 - n**2 - 3*n - 4. Let f = 19 - -2. Let i be f/35 + 24/10. Let y be l(i). What is the greatest common factor of 40 and y?
5
Suppose 5*t - 2 = 13. Let q(d) = 3 - 9*d - 8*d - t. Let j be q(-1). Calculate the highest common factor of 153 and j.
17
Let k = 1 - -7. Let u(v) = 4 + 4*v + 15*v + 3 - v**2. Let t be u(k). What is the highest common divisor of t and 19?
19
Let n be 1/(-1) - 12/(-1). Let b = 1176 + -190. Suppose 2*x + 3*z = 239, 4*z + b - 377 = 5*x. Calculate the highest common factor of x and n.
11
Suppose n + 46 = l - 46, -n = -5*l + 468. Let o = -52 + l. What is the greatest common factor of o and 14?
14
Let j(c) = 41*c - 3. Suppose -4*i = -i - 9. Let m be j(i). Calculate the highest common factor of 15 and m.
15
Let c = 2 - -3. Suppose 2*o + 154 = 3*o - 5*g, 3*o - 462 = -c*g. Suppose v - 2*m = 5*v - o, 3*v = 2*m + 119. What is the greatest common factor of v and 13?
13
Let o(p) = p**3 + 9*p**2 + 8*p - 2. Let h be o(-7). Calculate the greatest common factor of 100 and h.
20
Suppose -2*x + 0*x - 4 = 0. Let d(r) = -7*r - 1. Let z be d(x). What is the highest common divisor of 91 and z?
13
Let t = -13 + -38. Suppose 7*g - 3*g + 380 = 0. Let o = t - g. What is the greatest common factor of o and 11?
11
Let a = 196 + -133. Let j be 36*(3/2 + -1). Let n = -9 + j. Calculate the greatest common divisor of a and n.
9
Let v be 6*-6*(-20)/6. Calculate the greatest common factor of v and 15.
15
Let y be (-4 + 2)*-1 + 24. Suppose 0 = 3*p - p - y. Calculate the greatest common divisor of p and 13.
13
Let c be 0/(-1 + 1 + -2). Let b be 53 - (0 - -1 - c). What is the greatest common factor of 13 and b?
13
Let b(k) = -2*k**3 + 5*k**2 - 2*k. Let t be b(3). Let p = 39 + t. What is the highest common divisor of 3 and p?
3
Let w = -10 - -16. Let v(f) = f**2 - 5*f. Let k be v(w). Calculate the greatest common divisor of 54 and k.
6
Let k(p) = -p**2 - 3*p + 22. Let u be k(-6). Suppose 0 = 5*y - 45 - 35. What is the highest common divisor of u and y?
4
Let c = -16 + 34. Let k = -5 - -7. Calculate the greatest common divisor of k and c.
2
Suppose -61 - 50 = -3*h. Suppose -181 + h = -4*y. Calculate the greatest common divisor of 24 and y.
12
Let u(k) = 34*k**2 - 1. Let j be u(1). What is the greatest common factor of j and 3?
3
Let f be 5 - (-11)/(33/6). Calculate the greatest common factor of 35 and f.
7
Let y(q) = q**2 + 5*q - 5. Let b be y(-6). Let a(c) = -c**2 - 31*c - 52. Let t be a(-29). What is the highest common divisor of t and b?
1
Let t(r) = -4*r - 9. Let v be t(-3). Suppose -2*u - 3*o + 9 = 0, -4*u + v = -2*u - 3*o. Calculate the greatest common factor of u and 21.
3
Suppose -4*k + 28 + 52 = 0. Calculate the highest common divisor of k and 140.
20
Suppose 5*g - 96 = -26. Let y = g - -5. Calculate the greatest common factor of 209 and y.
19
Suppose y - 2 = -2*j + 14, 2*y = 2*j + 20. What is the greatest common divisor of 30 and y?
6
Let r be -5*1/((-5)/(-2)). Let u = r - -44. Calculate the highest common divisor of 63 and u.
21
Let m(r) = -23*r - 5. Suppose -3*u + 2*w - 12 = -u, 5*u + 4*w = -30. Let l be m(u). What is the highest common divisor of 19 and l?
19
Let l be 1/(1 + (-51)/54). What is the greatest common factor of l and 54?
18
Suppose 19*h = 3*h + 1088. Calculate the greatest common divisor of 4 and h.
4
Suppose -5*k + 2*y + 148 = 0, 4*y + 121 - 35 = 3*k. What is the highest common divisor of 120 and k?
30
Let m = 4 - -4. Let d be m/(-6)*1335/10. Let u be d/(-2) + (-1 - -2). What is the highest common divisor of 18 and u?
18
Let b(d) = 3*d**2 - 3*d - 6. Let h be b(5). What is the highest common divisor of h and 6?
6
Suppose -2*t + 3*j + j - 12 = 0, -3*j - 2 = 4*t. Let o be t/9 + 460/45. Let y = 102 + o. What is the highest common factor of 14 and y?
14
Let c(u) = u**3 - 10*u**2 - u + 12. Let s be c(10). Suppose 0*x = -s*x + 16. Calculate the greatest common divisor of 64 and x.
8
Suppose 3*q + 176 = 11*q. Calculate the greatest common divisor of 154 and q.
22
Suppose 0 = -10*b + 95 + 265. What is the greatest common divisor of b and 18?
18
Let l be (0 + 0 - 0) + (-11)/(-1). Let s = -3 - -14. What is the greatest common divisor of l and s?
11
Let b = 106 - 71. What is the greatest common factor of b and 7?
7
Suppose -15*x + 303 = -192. What is the highest common divisor of 33 and x?
33
Let j = -12 + 18. What is the greatest common factor of j and 6?
6
Suppose 5*z - 125 = m, -2*z + 30 = 2*m - 8. Let u = -1 + 4. What is the highest common factor of z and u?
3
Suppose -3*b + 225 - 30 = 0. Calculate the greatest common factor of b and 13.
13
Let u(f) = -7*f - 3. Suppose 17 - 3 = -7*i. Let v be u(i). Calculate the greatest common factor of v and 99.
11
Suppose 3*u - 7*u + 16 = 0. Suppose 4*i + 0*i = -u. Let w be i + 0 + 14 + 0. Calculate the greatest common divisor of w and 117.
13
Suppose 2*h = 52 + 188. Let o(q) = q**3 + q**2 + 20. Let i be o(0). Calculate the greatest common divisor of h and i.
20
Suppose 12 = 4*r + 4. Suppose -g - r*p = -63 - 31, -4*p = -5*g + 442. Suppose 4 = i - 14. What is the highest common divisor of i and g?
18
Let q be 2/6 + (-88)/(-6). What is the greatest common factor of 135 and q?
15
Suppose 2*t + 17 + 1 = 0. Let d = -6 - t. Suppose 2*o + d*u = -o, 0 = -5*o - u + 4. Calculate the greatest common divisor of 10 and o.
1
Suppose -4*d = -885 - 395. Calculate the greatest common factor of 40 and d.
40
Let a be (-19)/(-2) + 3/6. Let v = a - 21. Let p = -6 - v. What is the highest common divisor of p and 5?
5
Let v(x) = -16*x + 6. Let q be v(7). Let p be 1 + (-2 - -1)*q. Suppos